{"id":133,"date":"2026-01-22T15:50:47","date_gmt":"2026-01-22T15:50:47","guid":{"rendered":"https:\/\/ipres.es\/?page_id=133"},"modified":"2026-03-09T10:29:20","modified_gmt":"2026-03-09T10:29:20","slug":"donaciones","status":"publish","type":"page","link":"https:\/\/ipres.es\/ca\/donaciones\/","title":{"rendered":"Donacions"},"content":{"rendered":"<div data-elementor-type=\"wp-page\" data-elementor-id=\"133\" class=\"elementor elementor-133\" data-elementor-post-type=\"page\">\n\t\t\t\t<section class=\"elementor-element elementor-element-29100ca e-flex e-con-boxed e-con e-parent\" data-id=\"29100ca\" data-element_type=\"container\" data-e-type=\"container\" data-settings=\"{&quot;background_background&quot;:&quot;classic&quot;}\">\n\t\t\t\t\t<div class=\"e-con-inner\">\n\t\t\t\t\t<\/div>\n\t\t\t\t<\/section>\n\t\t<section class=\"elementor-element elementor-element-f1ec87c e-flex e-con-boxed e-con e-parent\" data-id=\"f1ec87c\" data-element_type=\"container\" data-e-type=\"container\">\n\t\t\t\t\t<div class=\"e-con-inner\">\n\t\t<div class=\"elementor-element elementor-element-a0ae588 e-con-full e-flex e-con e-child\" data-id=\"a0ae588\" data-element_type=\"container\" data-e-type=\"container\">\n\t\t\t\t<div class=\"elementor-element elementor-element-f94003e elementor-widget elementor-widget-heading\" data-id=\"f94003e\" data-element_type=\"widget\" data-e-type=\"widget\" data-widget_type=\"heading.default\">\n\t\t\t\t\t<h1 class=\"elementor-heading-title elementor-size-default\">Col\u00b7labora amb nosaltres<\/h1>\t\t\t\t<\/div>\n\t\t\t\t<div class=\"elementor-element elementor-element-cb7d233 elementor-widget elementor-widget-text-editor\" data-id=\"cb7d233\" data-element_type=\"widget\" data-e-type=\"widget\" data-widget_type=\"text-editor.default\">\n\t\t\t\t\t\t\t\t\t<p>La teva donaci\u00f3 t\u00e9 un impacte directe en la vida de persones amb discapacitat f\u00edsica.<\/p><p>A IPRES treballem cada dia per fomentar la integraci\u00f3 laboral, la igualtat d\u2019oportunitats i el desenvolupament professional de persones en situaci\u00f3 de vulnerabilitat. Gr\u00e0cies al teu suport econ\u00f2mic, podem seguir creant ocupaci\u00f3, oferint acompanyament i desenvolupant nous projectes socials.<\/p><p>Cada aportaci\u00f3, sigui quin sigui el seu import, ens ajuda a:<\/p><ul><li>Generar noves oportunitats laborals.<br \/><br \/><\/li><li>Millorar la formaci\u00f3 i capacitaci\u00f3 professional.<br \/><br \/><\/li><li>Adaptar llocs de treball a les necessitats individuals.<br \/><br \/><\/li><li>Impulsar projectes d\u2019inclusi\u00f3 social i laboral.<br \/><br \/><\/li><\/ul><p>La teva col\u00b7laboraci\u00f3 \u00e9s una inversi\u00f3 en inclusi\u00f3, dignitat i futur.<\/p>\t\t\t\t\t\t\t\t<\/div>\n\t\t\t\t<\/div>\n\t\t\t\t<div class=\"elementor-element elementor-element-8b318d5 elementor-widget__width-initial elementor-widget-mobile__width-initial elementor-widget elementor-widget-givewp_donation_form\" data-id=\"8b318d5\" data-element_type=\"widget\" data-e-type=\"widget\" data-settings=\"{&quot;display_style&quot;:&quot;onpage&quot;}\" data-widget_type=\"givewp_donation_form.default\">\n\t\t\t\t\t<div class='root-data-givewp-embed' data-form-locale='ca' data-form-url='https:\/\/ipres.es\/?post_type=give_forms&#038;p=129' data-form-view-url='https:\/\/ipres.es\/ca\/?givewp-route=donation-form-view&form-id=129' data-src='https:\/\/ipres.es\/ca\/?givewp-route=donation-form-view&form-id=129' data-givewp-embed-id='give-form-shortcode-1' data-form-format='onpage' data-open-form-button='Donate now' style='--givewp-primary-color: #6e2859; --givewp-secondary-color: #2d802f;'><\/div>\t\t\t\t<\/div>\n\t\t\t\t\t<\/div>\n\t\t\t\t<\/section>\n\t\t<section class=\"elementor-element elementor-element-a61e363 e-flex e-con-boxed e-con e-parent\" data-id=\"a61e363\" data-element_type=\"container\" data-e-type=\"container\" data-settings=\"{&quot;background_background&quot;:&quot;classic&quot;}\">\n\t\t\t\t\t<div class=\"e-con-inner\">\n\t\t\t\t<div class=\"elementor-element elementor-element-9202c97 elementor-widget elementor-widget-heading\" data-id=\"9202c97\" data-element_type=\"widget\" data-e-type=\"widget\" data-widget_type=\"heading.default\">\n\t\t\t\t\t<h2 class=\"elementor-heading-title elementor-size-default\">Posa't en contacte amb nosaltres!<\/h2>\t\t\t\t<\/div>\n\t\t\t\t<div class=\"elementor-element elementor-element-7283805 elementor-widget-mobile__width-initial elementor-widget elementor-widget-text-editor\" data-id=\"7283805\" data-element_type=\"widget\" data-e-type=\"widget\" data-widget_type=\"text-editor.default\">\n\t\t\t\t\t\t\t\t\t<p>Omple el formulari que millor s'adapti a tu<br \/>i el nostre equip t'acompanyar\u00e0 en el cam\u00ed cap<br \/>a una integraci\u00f3 professional efica\u00e7 i responsable.<\/p>\t\t\t\t\t\t\t\t<\/div>\n\t\t<div class=\"elementor-element elementor-element-29daf32 e-con-full e-flex e-con e-child\" data-id=\"29daf32\" data-element_type=\"container\" data-e-type=\"container\">\n\t\t\t\t<div class=\"elementor-element elementor-element-45d8e9c elementor-widget elementor-widget-button\" data-id=\"45d8e9c\" data-element_type=\"widget\" data-e-type=\"widget\" data-widget_type=\"button.default\">\n\t\t\t\t\t\t\t\t\t\t<a class=\"elementor-button elementor-button-link elementor-size-sm\" href=\"\/ca\/contacto\/#empresa\">\n\t\t\t\t\t\t<span class=\"elementor-button-content-wrapper\">\n\t\t\t\t\t\t\t\t\t<span class=\"elementor-button-text\">Contacteu-nos com a empresa<\/span>\n\t\t\t\t\t<\/span>\n\t\t\t\t\t<\/a>\n\t\t\t\t\t\t\t\t<\/div>\n\t\t\t\t<div class=\"elementor-element elementor-element-416ab45 elementor-widget elementor-widget-button\" data-id=\"416ab45\" data-element_type=\"widget\" data-e-type=\"widget\" data-widget_type=\"button.default\">\n\t\t\t\t\t\t\t\t\t\t<a class=\"elementor-button elementor-button-link elementor-size-sm\" href=\"\/ca\/contacto\/#trabajador\" target=\"_blank\">\n\t\t\t\t\t\t<span class=\"elementor-button-content-wrapper\">\n\t\t\t\t\t\t\t\t\t<span class=\"elementor-button-text\">Contacte com a empleat<\/span>\n\t\t\t\t\t<\/span>\n\t\t\t\t\t<\/a>\n\t\t\t\t\t\t\t\t<\/div>\n\t\t\t\t<\/div>\n\t\t\t\t\t<\/div>\n\t\t\t\t<\/section>\n\t\t\t\t<\/div>","protected":false},"excerpt":{"rendered":"<p>Colabora con nosotros Tu donaci\u00f3n tiene un impacto directo en la vida de personas con discapacidad f\u00edsica. En IPRES trabajamos cada d\u00eda para fomentar la integraci\u00f3n laboral, la igualdad de oportunidades y el desarrollo profesional de personas en situaci\u00f3n de vulnerabilidad. Gracias a tu apoyo econ\u00f3mico, podemos seguir creando empleo, ofreciendo acompa\u00f1amiento y desarrollando nuevos [&hellip;]<\/p>\n","protected":false},"author":1,"featured_media":0,"parent":0,"menu_order":0,"comment_status":"closed","ping_status":"closed","template":"elementor_header_footer","meta":{"_acf_changed":false,"give_campaign_id":0,"footnotes":""},"class_list":["post-133","page","type-page","status-publish","hentry"],"acf":[],"yoast_head":"<!-- This site is optimized with the Yoast SEO plugin v27.2 - https:\/\/yoast.com\/product\/yoast-seo-wordpress\/ -->\n<title>Donaciones | IPRES<\/title>\n<meta name=\"robots\" content=\"index, follow, max-snippet:-1, max-image-preview:large, max-video-preview:-1\" \/>\n<link rel=\"canonical\" href=\"https:\/\/ipres.es\/ca\/donaciones\/\" \/>\n<meta property=\"og:locale\" content=\"ca_ES\" \/>\n<meta property=\"og:type\" content=\"article\" \/>\n<meta property=\"og:title\" content=\"Donaciones | IPRES\" \/>\n<meta property=\"og:description\" content=\"Colabora con nosotros Tu donaci\u00f3n tiene un impacto directo en la vida de personas con discapacidad f\u00edsica. En IPRES trabajamos cada d\u00eda para fomentar la integraci\u00f3n laboral, la igualdad de oportunidades y el desarrollo profesional de personas en situaci\u00f3n de vulnerabilidad. Gracias a tu apoyo econ\u00f3mico, podemos seguir creando empleo, ofreciendo acompa\u00f1amiento y desarrollando nuevos [&hellip;]\" \/>\n<meta property=\"og:url\" content=\"https:\/\/ipres.es\/ca\/donaciones\/\" \/>\n<meta property=\"og:site_name\" content=\"IPRES\" \/>\n<meta property=\"article:modified_time\" content=\"2026-03-09T10:29:20+00:00\" \/>\n<meta name=\"twitter:card\" content=\"summary_large_image\" \/>\n<meta name=\"twitter:label1\" content=\"Temps estimat de lectura\" \/>\n\t<meta name=\"twitter:data1\" content=\"1 minut\" \/>\n<!-- \/ Yoast SEO plugin. -->","yoast_head_json":{"title":"Donaciones | IPRES","robots":{"index":"index","follow":"follow","max-snippet":"max-snippet:-1","max-image-preview":"max-image-preview:large","max-video-preview":"max-video-preview:-1"},"canonical":"https:\/\/ipres.es\/ca\/donaciones\/","og_locale":"ca_ES","og_type":"article","og_title":"Donaciones | IPRES","og_description":"Colabora con nosotros Tu donaci\u00f3n tiene un impacto directo en la vida de personas con discapacidad f\u00edsica. En IPRES trabajamos cada d\u00eda para fomentar la integraci\u00f3n laboral, la igualdad de oportunidades y el desarrollo profesional de personas en situaci\u00f3n de vulnerabilidad. Gracias a tu apoyo econ\u00f3mico, podemos seguir creando empleo, ofreciendo acompa\u00f1amiento y desarrollando nuevos [&hellip;]","og_url":"https:\/\/ipres.es\/ca\/donaciones\/","og_site_name":"IPRES","article_modified_time":"2026-03-09T10:29:20+00:00","twitter_card":"summary_large_image","twitter_misc":{"Temps estimat de lectura":"1 minut"},"schema":{"@context":"https:\/\/schema.org","@graph":[{"@type":"WebPage","@id":"https:\/\/ipres.es\/donaciones\/","url":"https:\/\/ipres.es\/donaciones\/","name":"Donaciones | IPRES","isPartOf":{"@id":"https:\/\/ipres.es\/#website"},"datePublished":"2026-01-22T15:50:47+00:00","dateModified":"2026-03-09T10:29:20+00:00","breadcrumb":{"@id":"https:\/\/ipres.es\/donaciones\/#breadcrumb"},"inLanguage":"ca","potentialAction":[{"@type":"ReadAction","target":["https:\/\/ipres.es\/donaciones\/"]}]},{"@type":"BreadcrumbList","@id":"https:\/\/ipres.es\/donaciones\/#breadcrumb","itemListElement":[{"@type":"ListItem","position":1,"name":"Portada","item":"https:\/\/ipres.es\/"},{"@type":"ListItem","position":2,"name":"Donaciones"}]},{"@type":"WebSite","@id":"https:\/\/ipres.es\/#website","url":"https:\/\/ipres.es\/","name":"IPRES","description":"","publisher":{"@id":"https:\/\/ipres.es\/#organization"},"potentialAction":[{"@type":"SearchAction","target":{"@type":"EntryPoint","urlTemplate":"https:\/\/ipres.es\/?s={search_term_string}"},"query-input":{"@type":"PropertyValueSpecification","valueRequired":true,"valueName":"search_term_string"}}],"inLanguage":"ca"},{"@type":"Organization","@id":"https:\/\/ipres.es\/#organization","name":"IPRES","url":"https:\/\/ipres.es\/","logo":{"@type":"ImageObject","inLanguage":"ca","@id":"https:\/\/ipres.es\/#\/schema\/logo\/image\/","url":"https:\/\/ipres.es\/wp-content\/uploads\/2026\/01\/logo_ipres.png","contentUrl":"https:\/\/ipres.es\/wp-content\/uploads\/2026\/01\/logo_ipres.png","width":147,"height":102,"caption":"IPRES"},"image":{"@id":"https:\/\/ipres.es\/#\/schema\/logo\/image\/"}}]}},"campaignId":"","_links":{"self":[{"href":"https:\/\/ipres.es\/ca\/wp-json\/wp\/v2\/pages\/133","targetHints":{"allow":["GET"]}}],"collection":[{"href":"https:\/\/ipres.es\/ca\/wp-json\/wp\/v2\/pages"}],"about":[{"href":"https:\/\/ipres.es\/ca\/wp-json\/wp\/v2\/types\/page"}],"author":[{"embeddable":true,"href":"https:\/\/ipres.es\/ca\/wp-json\/wp\/v2\/users\/1"}],"replies":[{"embeddable":true,"href":"https:\/\/ipres.es\/ca\/wp-json\/wp\/v2\/comments?post=133"}],"version-history":[{"count":28,"href":"https:\/\/ipres.es\/ca\/wp-json\/wp\/v2\/pages\/133\/revisions"}],"predecessor-version":[{"id":1088,"href":"https:\/\/ipres.es\/ca\/wp-json\/wp\/v2\/pages\/133\/revisions\/1088"}],"wp:attachment":[{"href":"https:\/\/ipres.es\/ca\/wp-json\/wp\/v2\/media?parent=133"}],"curies":[{"name":"wp","href":"https:\/\/api.w.org\/{rel}","templated":true}]}}

<div data-elementor-type="wp-page" data-elementor-id="133" class="elementor elementor-133" data-elementor-post-type="page">
				<section class="elementor-element elementor-element-29100ca e-flex e-con-boxed e-con e-parent" data-id="29100ca" data-element_type="container" data-e-type="container" data-settings="{&quot;background_background&quot;:&quot;classic&quot;}">
					<div class="e-con-inner">
					</div>
				</section>
		<section class="elementor-element elementor-element-f1ec87c e-flex e-con-boxed e-con e-parent" data-id="f1ec87c" data-element_type="container" data-e-type="container">
					<div class="e-con-inner">
		<div class="elementor-element elementor-element-a0ae588 e-con-full e-flex e-con e-child" data-id="a0ae588" data-element_type="container" data-e-type="container">
				<div class="elementor-element elementor-element-f94003e elementor-widget elementor-widget-heading" data-id="f94003e" data-element_type="widget" data-e-type="widget" data-widget_type="heading.default">
					<h1 class="elementor-heading-title elementor-size-default">Col·labora amb nosaltres</h1>				</div>
				<div class="elementor-element elementor-element-cb7d233 elementor-widget elementor-widget-text-editor" data-id="cb7d233" data-element_type="widget" data-e-type="widget" data-widget_type="text-editor.default">
									<p>La teva donació té un impacte directe en la vida de persones amb discapacitat física.</p><p>A IPRES treballem cada dia per fomentar la integració laboral, la igualtat d’oportunitats i el desenvolupament professional de persones en situació de vulnerabilitat. Gràcies al teu suport econòmic, podem seguir creant ocupació, oferint acompanyament i desenvolupant nous projectes socials.</p><p>Cada aportació, sigui quin sigui el seu import, ens ajuda a:</p><ul><li>Generar noves oportunitats laborals.<br /><br /></li><li>Millorar la formació i capacitació professional.<br /><br /></li><li>Adaptar llocs de treball a les necessitats individuals.<br /><br /></li><li>Impulsar projectes d’inclusió social i laboral.<br /><br /></li></ul><p>La teva col·laboració és una inversió en inclusió, dignitat i futur.</p>								</div>
				</div>
				<div class="elementor-element elementor-element-8b318d5 elementor-widget__width-initial elementor-widget-mobile__width-initial elementor-widget elementor-widget-givewp_donation_form" data-id="8b318d5" data-element_type="widget" data-e-type="widget" data-settings="{&quot;display_style&quot;:&quot;onpage&quot;}" data-widget_type="givewp_donation_form.default">
					<div class='root-data-givewp-embed' data-form-locale='ca' data-form-url='https://ipres.es/?post_type=give_forms&#038;p=129' data-form-view-url='https://ipres.es/ca/?givewp-route=donation-form-view&form-id=129' data-src='https://ipres.es/ca/?givewp-route=donation-form-view&form-id=129' data-givewp-embed-id='give-form-shortcode-1' data-form-format='onpage' data-open-form-button='Donate now' style='--givewp-primary-color: #6e2859; --givewp-secondary-color: #2d802f;'></div>				</div>
					</div>
				</section>
		<section class="elementor-element elementor-element-a61e363 e-flex e-con-boxed e-con e-parent" data-id="a61e363" data-element_type="container" data-e-type="container" data-settings="{&quot;background_background&quot;:&quot;classic&quot;}">
					<div class="e-con-inner">
				<div class="elementor-element elementor-element-9202c97 elementor-widget elementor-widget-heading" data-id="9202c97" data-element_type="widget" data-e-type="widget" data-widget_type="heading.default">
					<h2 class="elementor-heading-title elementor-size-default">Posa't en contacte amb nosaltres!</h2>				</div>
				<div class="elementor-element elementor-element-7283805 elementor-widget-mobile__width-initial elementor-widget elementor-widget-text-editor" data-id="7283805" data-element_type="widget" data-e-type="widget" data-widget_type="text-editor.default">
									<p>Omple el formulari que millor s'adapti a tu<br />i el nostre equip t'acompanyarà en el camí cap<br />a una integració professional eficaç i responsable.</p>								</div>
		<div class="elementor-element elementor-element-29daf32 e-con-full e-flex e-con e-child" data-id="29daf32" data-element_type="container" data-e-type="container">
				<div class="elementor-element elementor-element-45d8e9c elementor-widget elementor-widget-button" data-id="45d8e9c" data-element_type="widget" data-e-type="widget" data-widget_type="button.default">
										<a class="elementor-button elementor-button-link elementor-size-sm" href="/ca/contacto/#empresa">
						<span class="elementor-button-content-wrapper">
									<span class="elementor-button-text">Contacteu-nos com a empresa</span>
					</span>
					</a>
								</div>
				<div class="elementor-element elementor-element-416ab45 elementor-widget elementor-widget-button" data-id="416ab45" data-element_type="widget" data-e-type="widget" data-widget_type="button.default">
										<a class="elementor-button elementor-button-link elementor-size-sm" href="/ca/contacto/#trabajador" target="_blank">
						<span class="elementor-button-content-wrapper">
									<span class="elementor-button-text">Contacte com a empleat</span>
					</span>
					</a>
								</div>
				</div>
					</div>
				</section>
				</div>

<p>Colabora con nosotros Tu donación tiene un impacto directo en la vida de personas con discapacidad física. En IPRES trabajamos cada día para fomentar la integración laboral, la igualdad de oportunidades y el desarrollo profesional de personas en situación de vulnerabilidad. Gracias a tu apoyo económico, podemos seguir creando empleo, ofreciendo acompañamiento y desarrollando nuevos [&hellip;]</p>

<!-- This site is optimized with the Yoast SEO plugin v27.2 - https://yoast.com/product/yoast-seo-wordpress/ -->
<title>Donaciones | IPRES</title>
<meta name="robots" content="index, follow, max-snippet:-1, max-image-preview:large, max-video-preview:-1" />
<link rel="canonical" href="https://ipres.es/ca/donaciones/" />
<meta property="og:locale" content="ca_ES" />
<meta property="og:type" content="article" />
<meta property="og:title" content="Donaciones | IPRES" />
<meta property="og:description" content="Colabora con nosotros Tu donación tiene un impacto directo en la vida de personas con discapacidad física. En IPRES trabajamos cada día para fomentar la integración laboral, la igualdad de oportunidades y el desarrollo profesional de personas en situación de vulnerabilidad. Gracias a tu apoyo económico, podemos seguir creando empleo, ofreciendo acompañamiento y desarrollando nuevos [&hellip;]" />
<meta property="og:url" content="https://ipres.es/ca/donaciones/" />
<meta property="og:site_name" content="IPRES" />
<meta property="article:modified_time" content="2026-03-09T10:29:20+00:00" />
<meta name="twitter:card" content="summary_large_image" />
<meta name="twitter:label1" content="Temps estimat de lectura" />
	<meta name="twitter:data1" content="1 minut" />
<!-- / Yoast SEO plugin. -->

Colabora con nosotros Tu donación tiene un impacto directo en la vida de personas con discapacidad física. En IPRES trabajamos cada día para fomentar la integración laboral, la igualdad de oportunidades y el desarrollo profesional de personas en situación de vulnerabilidad. Gracias a tu apoyo económico, podemos seguir creando empleo, ofreciendo acompañamiento y desarrollando nuevos [&hellip;]
